 h(-19).
-20
Let t(u) = -u**3 + 8*u**2 - 7*u - 9. What is t(7)?
-9
Let n(j) = -3*j - 2. Give n(-4).
10
Let n(u) = 3*u**2 + 6*u - 5. Calculate n(-5).
40
Let a(r) = 2*r**2 - 48*r - 108. Determine a(26).
-4
Let b(a) = -5*a. What is b(-1)?
5
Let f(j) = -j**3 + 5*j**2 + 7*j - 4. Determine f(6).
2
Let j(b) = -2*b**2 - 41*b + 16. What is j(-21)?
-5
Let i(w) = 8*w + 7. Determine i(-5).
-33
Let z(u) = 9*u + 55. Determine z(-3).
28
Let x(k) = k**2 + 14*k - 36. Determine x(-17).
15
Let z(f) = 3*f + 3. What is z(1)?
6
Let b(p) = -p**3 + 5*p**2 + 3*p - 6. What is b(5)?
9
Let f(r) = -2*r + 2. Determine f(6).
-10
Let v(t) = -4*t**2 + 2*t + 2. Give v(-2).
-18
Let g(p) = 4*p + 6. Give g(-3).
-6
Let g(p) = -p**2 - 6*p + 4. Determine g(-9).
-23
Let j(d) = 6*d - 27. What is j(2)?
-15
Let p(s) = -s**2 + 23*s - 125. What is p(9)?
1
Let b(x) = -50*x + 347. Calculate b(7).
-3
Let v(o) = o**3 - 6*o**2 - 10*o + 23. Give v(7).
2
Let k(v) = -3*v + 78. Calculate k(22).
12
Let s(z) = -z**3 + 14*z**2 + 17*z - 28. Give s(15).
2
Let u(z) = z - 4. Give u(-11).
-15
Let m(z) = -16*z - 36. What is m(-11)?
140
Let z(f) = 31*f - 10. What is z(-3)?
-103
Let q(z) = 3*z**2 - 31*z + 58. Calculate q(2).
8
Let n(b) = 10*b + 1. Give n(-4).
-39
Let o(w) = -w**2 + 11*w - 18. What is o(12)?
-30
Let p(o) = -4*o - 3. What is p(0)?
-3
Let u(m) = -8*m + 183. What is u(24)?
-9
Let d(r) = r**3 - 6*r**2 - 8*r + 7. Calculate d(7).
0
Let w(c) = c**2 + 16*c. What is w(-16)?
0
Let l(h) = -3*h + 47. Calculate l(-11).
80
Let x(a) = 6*a**3 - 2*a**2 + a + 9. Give x(0).
9
Let p(u) = -u**2 - 20*u - 50. Calculate p(-18).
-14
Let t(d) = -d**2 - 14*d - 16. What is t(-11)?
17
Let u(x) = x + 3. What is u(11)?
14
Let k(a) = 5*a**2 + 23*a + 10. Determine k(-5).
20
Let o(z) = z**2 + 9*z + 1. Calculate o(-10).
11
Let c(a) = 9*a - 21. Give c(5).
24
Let n(k) = -6*k**3 - 3*k - 2. Determine n(-2).
52
Let f(z) = 15*z - 91. Give f(6).
-1
Let f(x) = -3*x**2 + 4*x - 16. Determine f(4).
-48
Let s(y) = -y**3 + 22*y**2 + 26*y - 61. Give s(23).
8
Let f(j) = -j**3 - 8*j**2 - 7*j - 14. Determine f(-6).
-44
Let k(p) = 4*p**2 - 2*p - 1. What is k(-1)?
5
Let f(w) = -5*w - 3. Determine f(-2).
7
Let o(i) = -8*i**2 + 78*i + 18. What is o(10)?
-2
Let v(p) = -p**3 + p**2 + 3*p - 10. Determine v(0).
-10
Let d(k) = k**3 + 12*k**2 - 3*k + 13. What is d(-12)?
49
Let m(g) = g**3 + 8*g**2 - 30*g + 12. Give m(-11).
-21
Let g(p) = -4*p**3 + 2*p**2 - 4*p - 3. Determine g(-2).
45
Let k(j) = -j**3 + j**2 - j - 34. Give k(0).
-34
Let l(j) = -j**3 - 21*j**2 + 2*j + 44. What is l(-21)?
2
Let v(x) = x**3 + 11*x**2 - 2*x + 11. Calculate v(-11).
33
Let u(w) = -41*w**3 + w**2 - 3*w + 3. Give u(1).
-40
Let p(i) = -6*i - 6. What is p(-3)?
12
Let r(i) = -26*i - 906. What is r(-35)?
4
Let l(s) = s**3 + 8*s**2 - 8*s - 4. Calculate l(-9).
-13
Let h(i) = -7*i + 26. Calculate h(10).
-44
Let v(p) = 14*p**3 - p**2 + p. Give v(1).
14
Let z(b) = -8*b - 19. Give z(-4).
13
Let z(p) = p**3 + 2*p**2 - p - 3. Give z(-2).
-1
Let q(m) = -6*m - 37. What is q(12)?
-109
Let t(a) = a**2 - 38*a + 121. What is t(4)?
-15
Let s(p) = p - 25. Determine s(11).
-14
Let l(q) = 2*q**3 - 53*q**2 + 27*q - 24. Determine l(26).
2
Let d(h) = h**2 + 11*h - 23. Give d(-10).
-33
Let p(w) = 3*w. Determine p(6).
18
Let m(y) = y**2 - 26*y. Calculate m(26).
0
Let t(r) = r**3 - 15*r**2 + 11*r - 1. Calculate t(14).
-43
Let u(n) = -n**3 - 10*n**2 + 2*n + 24. Determine u(-10).
4
Let r(z) = -z**3 + 9*z**2 - 20*z + 5. Give r(5).
5
Let q(x) = -x**2 + 3*x - 5. Give q(4).
-9
Let q(t) = -t**3 - 8*t**2 + 10*t + 6. What is q(-9)?
-3
Let s(b) = b**2 + 8*b - 5. Determine s(-7).
-12
Let a(h) = -h**2 + 12*h - 43. What is a(10)?
-23
Let p(f) = -5*f**2 + 4*f - 3. Determine p(3).
-36
Let j(x) = -7*x**3 + 27*x**2 + 4*x - 2. Determine j(4).
-2
Let v(u) = -u**2 - 7*u - 6. Determine v(-5).
4
Let q(h) = -6*h**2 + 2*h - 1. Determine q(-2).
-29
Let r(k) = k**2 + 17*k - 6. Give r(7).
162
Let c(f) = -23*f**2 + 8*f - 1. Calculate c(1).
-16
Let d(m) = -2*m**3 + 11*m**2 - 5*m - 2. Calculate d(5).
-2
Let f(q) = -q**3 - 3*q**2 + 2*q - 1. Give f(0).
-1
Let u(l) = 18*l + 92. What is u(-5)?
2
Let g(s) = s**3 - 8*s**2 + 8*s - 9. Calculate g(6).
-33
Let y(q) = q**2 + 18*q + 85. What is y(-7)?
8
Let q(v) = -7*v**2 - v - 2. Calculate q(-1).
-8
Let h(w) = -w**2 + 5*w - 5. Give h(4).
-1
Let a(k) = k**2 - 24*k - 124. What is a(-4)?
-12
Let v(b) = 13*b**2 + 15*b + 2. Calculate v(-2).
24
Let u(j) = -j**3 + 11*j**2 - 16*j + 10. Calculate u(10).
-50
Let c(t) = t**2 + 12*t - 5. Give c(-9).
-32
Let x(z) = z**2 + 17*z + 46. What is x(-14)?
4
Let r(x) = -x**3 + 10*x**2 + 8*x - 12. Give r(11).
-45
Let b(m) = m**2 - 9*m + 15. Give b(6).
-3
Let d(g) = 6*g + 9. What is d(-1)?
3
Let w(f) = 23*f**3 - 2*f**2 + 2*f - 1. Calculate w(1).
22
Let n(i) = -53*i. Calculate n(-1).
53
Let n(d) = d**3 - 14*d**2 - 15*d - 1. Calculate n(15).
-1
Let l(c) = c**2 + 16*c + 7. Determine l(-15).
-8
Let g(v) = -2*v**2 - 12*v - 10. Determine g(-9).
-64
Let n(b) = -2*b**2 + 4*b - 5. Determine n(-6).
-101
Let y(h) = h**3 - 10*h**2 + 9*h - 21. Determine y(8).
-77
Let o(i) = i**3 + 9*i**2 + 9*i + 3. Calculate o(-8).
-5
Let a(j) = j**3 - 6*j**2 + j - 4. Determine a(6).
2
Let q(g) = g**3 - 74*g**2 + 71*g + 148. Determine q(73).
2
Let c(z) = -z**2 + 21*z + 60. Determine c(24).
-12
Let j(v) = -v**2 - 16*v + 6. Calculate j(-16).
6
Let t(n) = n**3 - 15*n**2 + 9*n + 25. What is t(14)?
-45
Let r(g) = 7*g**3 + 2*g**2 + 3*g + 2. Determine r(-1).
-6
Let v(c) = 26*c**3 + c**2. What is v(-1)?
-25
Let f(g) = -g**2 + 12*g - 9. Determine f(11).
2
Let v(k) = 2*k**2 - 16*k - 109. What is v(-6)?
59
Let g(i) = -11*i**3 - 86*i**2 + 16*i - 2. Calculate g(-8).
-2
Let u(w) = -w**3 + 5*w**2 + 35*w + 6. What is u(9)?
-3
Let r(d) = -2*d**2 - 7*d + 10. Give r(2).
-12
Let b(f) = f - 36. What is b(23)?
-13
Let c(o) = -2*o**2 + 4*o - 12. Calculate c(3).
-18
Let w(u) = -u**2 + 12*u + 7. Calculate w(13).
-6
Let h(l) = l + 10. Give h(2).
12
Let b(p) = -p**2 + p + 13. What is b(0)?
13
Let x(p) = 5*p + 77. Give x(0).
77
Let r(k) = -k**3 + k**2 - 8. Determine r(0).
-8
Let a(m) = -3*m + 81. Determine a(24).
9
Let f(t) = -7*t + 70. Calculate f(11).
-7
Let c(m) = -m**2 + 13*m - 17. Calculate c(5).
23
Let i(k) = -k + 5. Calculate i(-12).
17
Let r(u) = 26*u**2 - 8*u - 11. Calculate r(-1).
23
Let u(h) = h**2 - 38*h + 358. Determine u(16).
6
Let i(b) = 32*b + 104. Calculate i(-3).
8
Let s(m) = -3*m**2 - 2*m - 1. Determine s(2).
-17
Let n(a) = 6*a**2 - 6*a + 6. What is n(2)?
18
Let k(m) = -5*m + 5. What is k(3)?
-10
Let p(k) = -9*k**2 - k. Determine p(1).
-10
Let h(u) = -128*u - 21. Calculate h(-2).
235
Let c(r) = -r**3 + 3*r**2 + 4*r + 5. What is c(4)?
5
Let t(j) = -4*j + 32. Calculate t(7).
4
Let r(g) = 14*g**2 + 7*g + 6. Determine r(-1).
13
Let a(x) = -x**2 + 11*x - 2. Calculate a(9).
16
Let q(o) = -5*o - 119. Determine q(-24).
1
Let w(b) = 4*b**2 - 19*b - 41. Calculate w(6).
-11
Let z(a) = -3*a - 2. Give z(10).
-32
Let x(p) = p**3 - p**2 + 3*p - 44. Determine x(4).
16
Let m(p) = 44*p**3 - p**2 + 2*p - 1. Calculate m(1).
44
Let w(q) = -q**3 + 7*q**2 - 3*q + 7. Calculate w(7).
-14
Let g(r) = 3*r + 1. Calculate g(-2).
-5
Let i(t) = -9*t + 3. Calculate i(-2).
21
Let k(b) = 5*b - 35. Give k(33).
130
Let j(k) = -k - 31. What is j(-36)?
5
Let n(b) = -b**3 + b**2 - 2. What is n(0)?
-2
Let k(o) = 10*o**3 + o**2 - 1. Calculate k(-1).
-10
Let v(l) = l**2 + 19*l + 5. Determine v(-19).
5
Let j(k) = -k**2 + 2*k + 57. What is j(9)?
-6
Let r(j) = j**3 - 3*j**2 - 4*j - 2. What is r(5)?
28
Let k(q) = q**2 - 12*q - 10. Calculate k(13).
3
Let g(h) = 6*h**2 - 25*h - 26. What is g(-1)?
5
Let z(x) = -x**3 - x**2 - x - 14. Calculate z(0).
-14
Let n(c) = 12*c - 1. Give n(6).
71
Let x(m) = 2*m**2 - m + 4. Give x(0).
4
Let r(g) = -g**2 + 10*g + 5. Give r(10).
5
Let l(c) = 16*c**3 + 3*c**2 - 3*c + 5. Calculate l(2).
139
Let h(b) = b**3 - 9*b**2 + 10*b - 10. Determine h(8).
6
Let z(q) = -q**3 - 38*q**2 + 6*q + 235. Determine z(-38).
7
Let u(o) = o - 20. Determine u(-10).
-30
Let k(g) = 2*g**3 - 12*g**2 - 2*g + 25. Calculate k(6).
13
Let z(m) = 8*m + 49. Calculate z(-6).
1
Let f(p) = p**3 - 10*p**2 - 9. Give f(10).
-9
Let a(l) = -22*l - 8. Determine a(-4).
80
Let v(h) = -h**3 - h**2 + 12*h + 5. Give v(0).
5
Let w(t) = t**3 + 8*t**2 + 2*t - 4. Det